{"id":1928,"date":"2016-11-13T17:03:04","date_gmt":"2016-11-13T17:03:04","guid":{"rendered":"http:\/\/albertmaso.com\/w\/?page_id=1928"},"modified":"2016-11-13T19:09:12","modified_gmt":"2016-11-13T19:09:12","slug":"fotografia-macro-de-campo","status":"publish","type":"page","link":"https:\/\/albertmaso.com\/w\/pro-services\/cursos-y-talleres-2\/fotografia-macro-de-campo\/","title":{"rendered":"Fotograf\u00eda Macro de campo"},"content":{"rendered":"<div  style='padding-bottom:10px; ' class='av-special-heading av-special-heading-h2  blockquote modern-quote modern-centered  avia-builder-el-0  el_before_av_image  avia-builder-el-first  '><h2 class='av-special-heading-tag '  itemprop=\"headline\"  >FOTOGRAF\u00cdA MACRO DE CAMPO<\/h2><div class ='av-subheading av-subheading_below  ' style='font-size:15px;'><p>CAZA FOTOGR\u00c1FICA DIMINUTA<\/p>\n<\/div><div class='special-heading-border'><div class='special-heading-inner-border' ><\/div><\/div><\/div>\n<div  class='avia-image-container  av-styling-    avia-builder-el-1  el_after_av_heading  el_before_av_hr  avia-align-center '  itemprop=\"image\" itemscope=\"itemscope\" itemtype=\"https:\/\/schema.org\/ImageObject\"  ><div class='avia-image-container-inner'><div class='avia-image-overlay-wrap'><img class='avia_image' src='https:\/\/albertmaso.com\/w\/wp-content\/uploads\/2016\/11\/B-Macro-de-campo-300x200.jpg' alt='' title='FOTOGRAF\u00cdA MACRO DE CAMPO' height=\"200\" width=\"300\"  itemprop=\"thumbnailUrl\"  \/><\/div><\/div><\/div>\n<div   class='hr hr-default   avia-builder-el-2  el_after_av_image  el_before_av_textblock '><span class='hr-inner ' ><span class='hr-inner-style'><\/span><\/span><\/div>\n<section class=\"av_textblock_section \"  itemscope=\"itemscope\" itemtype=\"https:\/\/schema.org\/CreativeWork\" ><div class='avia_textblock  '   itemprop=\"text\" ><p style=\"text-align: justify;\">En este curso se explica la mejor forma de fotografiar minerales, plantas y lo que entra\u00f1a m\u00e1s dificultad: los peque\u00f1os animales. As\u00ed mismo, como optimizar la calidad de imagen seg\u00fan la forma del sujeto y si es est\u00e1tico o m\u00f3vil, seg\u00fan la perspectiva y seg\u00fan si se fotografia a mano alzada, con tr\u00edpode o con flash.<\/p>\n<p style=\"text-align: justify;\">Se muestran los lugares y momentos m\u00e1s adecuados para encontrar insectos y similares en plena naturaleza, como controlar el fondo negro al usar el flash. Se ense\u00f1a a captar insectos terrestres, acu\u00e1ticos y voladores, a usar fondos adecuados y a montar un jard\u00edn entomol\u00f3gico con bebederos de mariposas, atraer anfibios mediante grabaciones de voz e insectos mediante sistemas olfativos y lum\u00ednicos. Finalmente, se explica c\u00f3mo combinar la Macro de Campo con la fotograf\u00eda de paisaje y la caza fotogr\u00e1fica.<\/p>\n<p style=\"text-align: justify;\"><strong>\u00a0<\/strong><\/p>\n<p style=\"text-align: center;\"><strong>PROGRAMA<\/strong><\/p>\n<hr \/>\n<ol>\n<li>Definici\u00f3n y bases \u00f3pticas<\/li>\n<li>Caracter\u00edsticas generales<\/li>\n<li>Ratio y Profundidad de campo<\/li>\n<li>Elementos y accesorios de trabajo<\/li>\n<li>Complementos \u00fatiles<\/li>\n<li>T\u00e9cnicas de macro de campo<\/li>\n<li>Fotografiar elementos est\u00e1ticos<\/li>\n<li>Captar elementos m\u00f3viles<\/li>\n<li>El flash normal y anular<\/li>\n<li>Puesta en pr\u00e1ctica de las t\u00e9cnicas y procedimientos de macro de campo\n<ul>\n<li>Uso de los distintos accesorios<\/li>\n<li>C\u00e1lculo de distintas Ratio con diversos objetivos<\/li>\n<li>Captar la profundidad de campo \u00f3ptima en cada caso<\/li>\n<li>Utilizar fondos y reflectores<\/li>\n<li>Realizar fotograf\u00edas de macro con luz ambiente<\/li>\n<li>Incorporar flash anular inal\u00e1mbrico<\/li>\n<li>Uso de flashes normales<\/li>\n<li>Trucos y complementos \u00fatiles<\/li>\n<li>Sistemas de atracci\u00f3n y t\u00e9cnicas especiales<\/li>\n<\/ul>\n<\/li>\n<\/ol>\n<\/div><\/section>\n","protected":false},"excerpt":{"rendered":"","protected":false},"author":1,"featured_media":0,"parent":1888,"menu_order":2,"comment_status":"closed","ping_status":"closed","template":"","meta":[],"_links":{"self":[{"href":"https:\/\/albertmaso.com\/w\/wp-json\/wp\/v2\/pages\/1928"}],"collection":[{"href":"https:\/\/albertmaso.com\/w\/wp-json\/wp\/v2\/pages"}],"about":[{"href":"https:\/\/albertmaso.com\/w\/wp-json\/wp\/v2\/types\/page"}],"author":[{"embeddable":true,"href":"https:\/\/albertmaso.com\/w\/wp-json\/wp\/v2\/users\/1"}],"replies":[{"embeddable":true,"href":"https:\/\/albertmaso.com\/w\/wp-json\/wp\/v2\/comments?post=1928"}],"version-history":[{"count":3,"href":"https:\/\/albertmaso.com\/w\/wp-json\/wp\/v2\/pages\/1928\/revisions"}],"predecessor-version":[{"id":1998,"href":"https:\/\/albertmaso.com\/w\/wp-json\/wp\/v2\/pages\/1928\/revisions\/1998"}],"up":[{"embeddable":true,"href":"https:\/\/albertmaso.com\/w\/wp-json\/wp\/v2\/pages\/1888"}],"wp:attachment":[{"href":"https:\/\/albertmaso.com\/w\/wp-json\/wp\/v2\/media?parent=1928"}],"curies":[{"name":"wp","href":"https:\/\/api.w.org\/{rel}","templated":true}]}}